9) is divided by 15.
10
Let o = -561 - -563. Suppose -5*k - 20 = 0, -6*k = o*s - 9*k - 96. Calculate the remainder when 75 is divided by s.
33
Suppose -1200 = -5*a - 4*s + 1438, 0 = -5*a - 3*s + 2641. What is the remainder when a is divided by 87?
8
Suppose -3*g + 65 = 4*y - 699, 5*g - 2*y - 1230 = 0. Calculate the remainder when g is divided by 73.
29
Let x = 178 + -174. Let g(z) = z**3 + 6*z**2 - 8*z - 4. Let k be g(-7). Suppose -2*p - k*p + 95 = 0. What is the remainder when p is divided by x?
3
Suppose -4*k + 425*b + 1290 = 428*b, 2*k - 654 = 3*b. What is the remainder when k is divided by 84?
72
Let i = -16620 - -16662. What is the remainder when 907 is divided by i?
25
Suppose -2*h + 363 = -4*i - 609, -4*h - 3*i = -1988. What is the remainder when h is divided by 64?
46
Let f(n) = -3*n**3 + 16*n**2 + 12*n - 3. Let y be f(6). What is the remainder when 245 is divided by (-1288)/(-42) + y/(-9)?
28
Calculate the remainder when 355 is divided by 66/((1/(-9))/(5/(-30))).
58
Suppose -7 = 5*q + 2*j, 4*q + 5 = -0*q - j. Let p(o) be the first derivative of -45*o**2/2 - 4*o + 34. What is the remainder when p(q) is divided by 13?
2
Let h(c) = 11*c + 104. Let g be h(-13). What is the remainder when 120/(-18)*g/4 is divided by 17?
14
Suppose 722 = 4*s + 2*i, 8*i - 11*i - 170 = -s. Calculate the remainder when s is divided by 24.
11
Suppose -2352 = 1923*n - 1930*n. What is the remainder when n is divided by 58?
46
Suppose 30 = 3*y - w, 6*y = 2*y + 5*w + 51. Let p(b) = 2*b**2 - 39*b + 8. Let o be p(19). Let c = o - -44. Calculate the remainder when c is divided by y.
6
Let k = 157 - 160. What is the remainder when k*6/18 - -139 is divided by 47?
44
Suppose 4*n + b + 44 - 137 = 0, 3*b = -9. Let j = 206 + -21. Calculate the remainder when j is divided by n.
17
Calculate the remainder when (222/(-1221))/((-2)/97229) is divided by 130.
129
Let c = -289 + 782. Calculate the remainder when c is divided by 11.
9
Let n = -2437 - -3721. Calculate the remainder when n is divided by 39.
36
Let y = 59 + -31. Let t = y + -2. What is the remainder when 73 is divided by t?
21
Let p(f) = 16*f**2 + 2*f + 5. Let g be p(-3). Let m = 157 - g. What is the remainder when 89 is divided by m?
5
Suppose 2*r = r + 5*n + 50, 3*r + 5*n - 250 = 0. Suppose -11*w - r + 394 = 0. Suppose 10*m - 89 = -w. What is the remainder when 70 is divided by m?
4
Suppose -11 - 41 = -4*l. Calculate the remainder when 110 is divided by l + (4/10)/((-11)/(-110)).
8
Suppose -7*v + 10*v = 4*n + 44, -62 = -5*v + n. Suppose -v*k + 66 = -k. Suppose -w + k*w = 240. Calculate the remainder when 140 is divided by w.
44
Let x(f) = -f**2 + 280*f - 4136. What is the remainder when x(17) is divided by 42?
41
Suppose -4*r + 3594 = -2*x, -60 + 39 = -3*x. Calculate the remainder when r is divided by 272.
86
What is the remainder when 2927 is divided by (-3)/(-15)*-10*(130/(-4) + 2)?
60
Let a(b) = -13*b - 4. Let u be a(-1). Let n be (4 + u/(-3))/(2/10). Suppose n*h = 2*s - 53, -3*s = -s + h - 71. Calculate the remainder when s is divided by 7.
6
Let g(w) = -34*w + 444. Calculate the remainder when 91 is divided by g(11).
21
Suppose -2 + 107 = 5*w + 5*f, -116 = -4*w + 4*f. Suppose -306 - 1744 = -w*l. What is the remainder when l is divided by 11?
5
What is the remainder when (-690)/3105 - (2 + (-188183)/9) is divided by 170?
167
Let u(c) = c - 39. Let g be u(0). Let t = g - -120. Suppose -112*k + 360*k = 10168. Calculate the remainder when t is divided by k.
40
Let g be ((-48)/14)/((-4)/168). Suppose 0 = g*v - 139*v - 195. Calculate the remainder when 231 is divided by v.
36
Let z(w) = -2*w**2 - 128*w - 1599. What is the remainder when 116 is divided by z(-18)?
2
Let t = 1080 + -1023. What is the remainder when 212 is divided by t?
41
Suppose 3*h = 15 + 30. What is the remainder when 304 is divided by (h/6)/(20/48)?
4
Suppose -1548 = -56*x - 92. Calculate the remainder when 1740 is divided by x.
24
Suppose -b - 4 = -3*b. Let g(u) = -b*u - 4*u**2 + 9 - u**3 - 3 - 2. What is the remainder when 33 is divided by g(-4)?
9
Let o(a) = -a**3 + 36*a**2 - 25*a + 105. What is the remainder when o(34) is divided by 156?
7
Let z = -30 + 56. Let x = z + -36. Calculate the remainder when 25 is divided by (8/x)/((-8)/40).
1
Calculate the remainder when 991 is divided by (1*(-26)/(-4))/(29/406).
81
Let l(v) = -5*v - 101. Let d be l(-22). Suppose -2027 + 83 = -d*z. Calculate the remainder when z is divided by 40.
16
Suppose 2241 = 3*y + 2253, y = -2*k + 2386. What is the remainder when k is divided by 75?
70
Let w(p) = 2025*p + 8130. What is the remainder when 135 is divided by w(-4)?
15
Suppose 4*n = -3*y - 5468, 2*n = 4*y - 478 - 2278. Calculate the remainder when n/(-12) - 2/12 is divided by 20.
14
Calculate the remainder when 1134 is divided by -13 - (416/(-72) - 7) - 4072/(-18).
4
Suppose 5*w + 3*l - 134 = 0, -17*w - 109 = -21*w - 3*l. What is the remainder when w is divided by (-2 - -3)/(1/15)?
10
Suppose 17*m - 21*m - 46 = -z, 0 = 3*z - 4*m - 162. Calculate the remainder when 488 is divided by z.
24
Suppose 0 = 3*n - 5*y - 157, 92*n - 97*n = -5*y - 245. What is the remainder when n is divided by 21?
2
Calculate the remainder when 1582 is divided by 4 - (-15 - -5) - -6.
2
Let l(y) = -122*y + 1890. What is the remainder when l(0) is divided by 174?
150
Suppose -36*u + 2837 - 569 = 0. Calculate the remainder when 576/u + -9 + (-5499)/(-21) is divided by 24.
22
Let u = -34 - -35. Calculate the remainder when 38 is divided by (2 - u) + -2 + (-3 - -29).
13
Suppose -m - r - 5 = 0, 0*r - 13 = 5*m + r. Calculate the remainder when -3 - 1 - (-96 - m) is divided by 1*2/2*31.
28
Let h = -14 + 14. Suppose 22 + 15 = b + 3*a, 5*b - 5*a - 105 = h. Suppose 0 = -5*t + 165 + b. What is the remainder when 148 is divided by t?
34
Suppose -5*q + 310 = -228*j + 226*j, -q = 4*j - 62. Calculate the remainder when q is divided by 9.
8
Let g = -186 + 218. What is the remainder when -1 + 6 + g - -7 is divided by 25?
19
Let n be (16/(-24))/((-2)/(-18)). Let c = n + -9. Calculate the remainder when 7 is divided by 10/(-75) - 62/c.
3
Let p be (-12 - 258/(-24)) + (-1986)/(-8). Let g = -234 + p. What is the remainder when 35 is divided by g?
9
Let p(z) = -2*z + 78. Let y = 33 - 31. What is the remainder when p(30) is divided by y?
0
Suppose -4*s - 4*r + 452 = 0, 0 = 172*s - 175*s - 4*r + 339. What is the remainder when 286 is divided by s?
60
Suppose -7*w = -211 - 146. Calculate the remainder when w + 1/(6*(-6)/(-144)) is divided by 1*(0 - 2)*-4.
7
Let d(i) = 18*i**3 + 2*i**2 + 2*i + 4. Let p be d(-2). Let x = p - -149. Calculate the remainder when 38 is divided by x.
12
Let m(h) = 5*h**3 + 33*h - 180. What is the remainder when m(8) is divided by 102?
94
Suppose 3*c - 5*t + 4 = 0, -4*c - t + 0*t = -10. Suppose -9*g + 85 = 8*g. Calculate the remainder when 30/20 + g/c is divided by 3.
1
Suppose -2*f - 5*z + 493 = 0, 3*z + z - 494 = -2*f. Let x = 263 - f. Calculate the remainder when 237 is divided by x.
13
Let s = 302 + -285. Suppose 27 + 126 = s*n. Calculate the remainder when n is divided by 5.
4
Suppose -34 = -d - 8*k + 4*k, -3*k = -3*d + 27. What is the remainder when 2631 is divided by d?
13
Let q(n) = -19*n - 83. Let d be q(-9). Let h = 125 - d. Calculate the remainder when 406 is divided by h.
36
Let c = -149 - -144. Let t be c/(-1) - (-6)/(-3). Calculate the remainder when t - (-79 - (-1 + 0)) is divided by 21.
18
Let x(m) = -196*m - 367. Let c be x(-9). Suppose -1398*r + 8 = -c*r. Calculate the remainder when 80 is divided by r.
0
Let f = 36 + -20. Calculate the remainder when (-6)/(-48) - (-49975)/200 is divided by f.
10
Let o = -5809 - -7803. What is the remainder when o is divided by 74?
70
Let z = -2979 - -3046. What is the remainder when 209 is divided by z?
8
Let n(k) = 31*k**3 + k**2 - k. Suppose -2*v + 13*v = 18*v - 1043. What is the remainder when v is divided by n(1)?
25
Let u = 54 + -28. Suppose -j + 0*y + 13*y = 8, -214 = -3*j + 5*y. What is the remainder when j is divided by u?
5
Suppose -v + 171 = 2*v. Calculate the remainder when v is divided by (16 - (-385)/(-25))*(56 + -16).
9
Let r = 81 - 69. What is the remainder when 14/(5 - r/3) is divided by 8?
6
Let m = 230 - 134. Let s(f) = -4*f + 0*f - 8 + 1 + 20*f. Calculate the remaind